{"id":1144,"date":"2025-10-21T11:43:05","date_gmt":"2025-10-21T14:43:05","guid":{"rendered":"https:\/\/www.cnbf.org.br\/?page_id=1144"},"modified":"2025-10-21T11:43:05","modified_gmt":"2025-10-21T14:43:05","slug":"congresso-tecnico-2014","status":"publish","type":"page","link":"https:\/\/www.cnbf.org.br\/index.php\/congresso-tecnico-2014\/","title":{"rendered":"Congresso T\u00e9cnico 2014"},"content":{"rendered":"<p style=\"text-align: center;\"><span style=\"font-family: arial, helvetica, sans-serif; font-size: 10pt;\"><strong>XXII CONGRESSO T\u00c9CNICO DA CNBF EM LORENA<\/strong><\/span><\/p>\n<p style=\"text-align: justify;\"><span style=\"font-family: arial, helvetica, sans-serif; font-size: 10pt;\"><strong>Desenvolvimento dos Trabalhos<\/strong><\/span><\/p>\n<p style=\"text-align: justify;\"><span style=\"font-family: arial, helvetica, sans-serif; font-size: 10pt;\">\u00a0\u00a0\u00a0\u00a0\u00a0\u00a0\u00a0\u00a0\u00a0\u00a0\u00a0\u00a0\u00a0 O evento ocorreu nos dias 30 e 31 de maio na cidade-sede da CNBF, Lorena estado de S\u00e3o Paulo, nos audit\u00f3rios da Casa da Cultura e do Col\u00e9gio Estadual Rafael Prestes. Com um programa bastante objetivo o ponto principal foi a aprova\u00e7\u00e3o do Regulamento Geral dos Campeonatos Nacionais, que, enfim foi produzido e aprovado com efici\u00eancia e objetividade, enxugando alguns artigos e dando maior clareza e defini\u00e7\u00e3o em pontos controversos ou vagos, os quais vinham trazendo d\u00favidas interpretativas e evasivas em conte\u00fados importantes do regulamento.\u00a0<\/span><\/p>\n<p style=\"text-align: justify;\"><span style=\"font-family: arial, helvetica, sans-serif; font-size: 10pt;\">\u00a0\u00a0\u00a0\u00a0\u00a0\u00a0\u00a0\u00a0\u00a0\u00a0\u00a0\u00a0\u00a0\u00a0\u00a0\u00a0\u00a0\u00a0\u00a0\u00a0\u00a0\u00a0\u00a0\u00a0\u00a0 \u00a0\u00a0\u00a0\u00a0\u00a0\u00a0\u00a0\u00a0\u00a0\u00a0\u00a0\u00a0\u00a0\u00a0\u00a0\u00a0\u00a0\u00a0\u00a0\u00a0\u00a0\u00a0\u00a0\u00a0\u00a0\u00a0\u00a0 Al\u00e9m de representa\u00e7\u00f5es das v\u00e1rias entidades filiadas na CNBF dos diversos estados de Sergipe , Distrito Federal, Rio de Janeiro,Mato Grosso do Sul, S\u00e3o Paulo, Paran\u00e1, Santa Catarina, Rio Grande do Sul, a presen\u00e7a de m\u00fasicos , componentes da Linha de Frente e outros participantes destacando-se o m\u00fasico Mario Boito, representante da Roriz que atrav\u00e9s de palestra did\u00e1tica enriqueceu o conhecimento de todos especialmente com informa\u00e7\u00f5es sobre formas de licita\u00e7\u00e3o e m\u00e9todos de trabalho. Enriquecedor\u00a0 e esclarecedor foi o pronunciamento do T\u00e9cnico cont\u00e1bil Sr. Wagner Molinari, sobre os aspectos ficais que envolvem a CNBF.<\/span><\/p>\n<p style=\"text-align: justify;\"><span style=\"font-family: arial, helvetica, sans-serif; font-size: 10pt;\"><strong>2.Preito de Gratid\u00e3o<\/strong><\/span><\/p>\n<p style=\"text-align: justify;\"><span style=\"font-family: arial, helvetica, sans-serif; font-size: 10pt;\">\u00a0\u00a0\u00a0\u00a0\u00a0\u00a0\u00a0\u00a0\u00a0\u00a0\u00a0\u00a0\u00a0 As a\u00e7\u00f5es desenvolvidas durante o Congresso, especialmente para a aprova\u00e7\u00e3o do novo Regulamento, tiveram atrav\u00e9s da Comiss\u00e3o designada h\u00e1 quase um ano de trabalho na nova edi\u00e7\u00e3o do Regulamento Geral, nas pessoas de S\u00c9RGIO PACHECO (Relator e Vice Presidente da CNBF), BOHUMIL MED (Presidente do CTN) e a Profa. MARISA ARAUJO OLIVEIRA (Secret\u00e1ria do CTN e Assessora de Assuntos Institucionais e Internacionais) um trabalho exaustivo, mas de resultados excelentes quer\u00a0 pela transpar\u00eancia na linguagem \u00a0quer pela objetividade das proposi\u00e7\u00f5es que mereceram a discuss\u00e3o e debates nos trabalhos de grupos nos dois dias do Congresso. \u00a0<\/span><\/p>\n<p style=\"text-align: justify;\"><span style=\"font-family: arial, helvetica, sans-serif; font-size: 10pt;\">\u00a0\u00a0\u00a0\u00a0\u00a0\u00a0 \u00a0\u00a0\u00a0\u00a0\u00a0\u00a0\u00a0\u00a0\u00a0\u00a0\u00a0\u00a0\u00a0\u00a0\u00a0\u00a0\u00a0\u00a0\u00a0\u00a0\u00a0\u00a0\u00a0\u00a0\u00a0\u00a0\u00a0 Vai aqui o profundo agradecimento da Presid\u00eancia da CNBF\u00a0 que reconhece pela Institui\u00e7\u00e3o os grandes pr\u00e9stimos e a dedica\u00e7\u00e3o do grupo que cumpriu com efici\u00eancia a tarefa que lhes fora imposta.\u00a0\u00a0\u00a0\u00a0\u00a0\u00a0\u00a0\u00a0\u00a0\u00a0\u00a0\u00a0\u00a0\u00a0\u00a0\u00a0\u00a0\u00a0\u00a0\u00a0\u00a0\u00a0\u00a0\u00a0\u00a0\u00a0\u00a0\u00a0\u00a0\u00a0\u00a0\u00a0\u00a0\u00a0\u00a0\u00a0\u00a0\u00a0\u00a0\u00a0\u00a0\u00a0\u00a0\u00a0\u00a0\u00a0\u00a0\u00a0\u00a0\u00a0\u00a0\u00a0\u00a0\u00a0\u00a0\u00a0\u00a0\u00a0\u00a0\u00a0\u00a0\u00a0\u00a0\u00a0\u00a0\u00a0\u00a0\u00a0\u00a0\u00a0\u00a0\u00a0\u00a0\u00a0\u00a0\u00a0\u00a0\u00a0\u00a0\u00a0\u00a0\u00a0\u00a0\u00a0\u00a0\u00a0\u00a0\u00a0\u00a0\u00a0\u00a0\u00a0\u00a0\u00a0\u00a0\u00a0\u00a0\u00a0\u00a0\u00a0\u00a0\u00a0\u00a0\u00a0\u00a0\u00a0\u00a0\u00a0\u00a0<\/span><\/p>\n<p style=\"text-align: justify;\"><span style=\"font-family: arial, helvetica, sans-serif; font-size: 10pt;\"> De igual modo estendemos ao Maestro JO\u00c3O CARLOS MAXIMIANO,\u00a0 pelo\u00a0 trabalho desenvolvido e apreciado pelo plen\u00e1rio, quando apresentado em nome do Conselho Fiscal, feito com apurado crit\u00e9rio e isen\u00e7\u00e3o, o nosso reconhecimento pela efici\u00eancia, bem como a 1\u00aa Secret\u00e1ria LUCIENNE VINHAL pela exatid\u00e3o\u00a0 no registro do XXII Congresso e ao Maestro WASHINGTON DE OLIVEIRA , articulador e organizador de toda a infraestrutura do evento.\u00a0\u00a0\u00a0\u00a0\u00a0\u00a0\u00a0\u00a0\u00a0\u00a0\u00a0\u00a0\u00a0\u00a0\u00a0\u00a0\u00a0\u00a0\u00a0\u00a0\u00a0\u00a0\u00a0\u00a0\u00a0\u00a0\u00a0\u00a0\u00a0\u00a0\u00a0\u00a0\u00a0\u00a0\u00a0\u00a0\u00a0\u00a0\u00a0\u00a0\u00a0\u00a0\u00a0\u00a0\u00a0\u00a0\u00a0\u00a0\u00a0 \u00a0\u00a0\u00a0\u00a0\u00a0\u00a0\u00a0\u00a0\u00a0\u00a0\u00a0\u00a0 \u00a0\u00a0\u00a0\u00a0\u00a0\u00a0\u00a0\u00a0\u00a0\u00a0\u00a0\u00a0\u00a0\u00a0\u00a0\u00a0\u00a0\u00a0\u00a0\u00a0\u00a0\u00a0\u00a0\u00a0\u00a0\u00a0\u00a0\u00a0\u00a0\u00a0\u00a0\u00a0\u00a0\u00a0\u00a0\u00a0\u00a0\u00a0\u00a0\u00a0\u00a0 \u00a0\u00a0\u00a0\u00a0\u00a0\u00a0\u00a0\u00a0\u00a0\u00a0\u00a0\u00a0\u00a0\u00a0\u00a0\u00a0\u00a0\u00a0\u00a0\u00a0\u00a0\u00a0\u00a0\u00a0\u00a0\u00a0\u00a0\u00a0\u00a0\u00a0\u00a0\u00a0\u00a0\u00a0\u00a0\u00a0\u00a0\u00a0\u00a0\u00a0\u00a0\u00a0\u00a0\u00a0\u00a0\u00a0\u00a0\u00a0\u00a0\u00a0\u00a0\u00a0\u00a0\u00a0 \u00a0\u00a0\u00a0\u00a0\u00a0\u00a0<\/span><\/p>\n","protected":false},"excerpt":{"rendered":"<p>XXII CONGRESSO T\u00c9CNICO DA CNBF EM LORENA Desenvolvimento dos Trabalhos \u00a0\u00a0\u00a0\u00a0\u00a0\u00a0\u00a0\u00a0\u00a0\u00a0\u00a0\u00a0\u00a0 O evento ocorreu nos dias 30 e 31 de maio na cidade-sede da CNBF, Lorena estado de S\u00e3o Paulo, nos audit\u00f3rios da Casa da Cultura e do Col\u00e9gio Estadual Rafael Prestes. Com um programa bastante objetivo o ponto principal foi a aprova\u00e7\u00e3o do Regulamento [&hellip;]<\/p>\n","protected":false},"author":3,"featured_media":0,"parent":0,"menu_order":0,"comment_status":"closed","ping_status":"closed","template":"","meta":{"footnotes":""},"class_list":["post-1144","page","type-page","status-publish","hentry"],"_hostinger_reach_plugin_has_subscription_block":false,"_hostinger_reach_plugin_is_elementor":false,"wpmagazine_modules_lite_featured_media_urls":{"thumbnail":"","cvmm-medium":"","cvmm-medium-plus":"","cvmm-portrait":"","cvmm-medium-square":"","cvmm-large":"","cvmm-small":"","full":""},"categories_names":null,"comments_number":"0","jetpack_sharing_enabled":true,"_links":{"self":[{"href":"https:\/\/www.cnbf.org.br\/index.php\/wp-json\/wp\/v2\/pages\/1144","targetHints":{"allow":["GET"]}}],"collection":[{"href":"https:\/\/www.cnbf.org.br\/index.php\/wp-json\/wp\/v2\/pages"}],"about":[{"href":"https:\/\/www.cnbf.org.br\/index.php\/wp-json\/wp\/v2\/types\/page"}],"author":[{"embeddable":true,"href":"https:\/\/www.cnbf.org.br\/index.php\/wp-json\/wp\/v2\/users\/3"}],"replies":[{"embeddable":true,"href":"https:\/\/www.cnbf.org.br\/index.php\/wp-json\/wp\/v2\/comments?post=1144"}],"version-history":[{"count":1,"href":"https:\/\/www.cnbf.org.br\/index.php\/wp-json\/wp\/v2\/pages\/1144\/revisions"}],"predecessor-version":[{"id":1145,"href":"https:\/\/www.cnbf.org.br\/index.php\/wp-json\/wp\/v2\/pages\/1144\/revisions\/1145"}],"wp:attachment":[{"href":"https:\/\/www.cnbf.org.br\/index.php\/wp-json\/wp\/v2\/media?parent=1144"}],"curies":[{"name":"wp","href":"https:\/\/api.w.org\/{rel}","templated":true}]}}